6 + t**2. What is h(0)?
-4
Let w(i) = -i**2 - 3*i + 1. Let d be w(-3). Suppose 0 = -4*u - 3 - d. Let b(t) = 4*t. Determine b(u).
-4
Let n(o) be the second derivative of o**4/12 + o**3/3 + o**2/2 + 6*o + 2. Calculate n(-4).
9
Let j(p) be the third derivative of -7*p**5/30 - p**4/24 - p**3/6 - 25*p**2. Give j(-1).
-14
Let y(a) = -3*a + 12. Let h(o) = -2. Let q(v) = -3*h(v) - y(v). Give q(7).
15
Suppose -1 = -3*d + 2*u + 12, 0 = 5*d + 4*u - 7. Let l = 6 - d. Let v(x) = -3*x + 3 - x**2 - x + 2*x**2. What is v(l)?
0
Suppose 13*y = 8*y - 15. Suppose 5*h - 5*s + 20 = -15, 2*h + 3*s - 1 = 0. Let q = y - h. Let v(k) = 5*k - 1. Calculate v(q).
4
Let a(t) = 2 + 3*t**2 - 2*t**2 - 2 + t**3. Let p(v) = 4*v**3 + 5*v**2 - 2. Let f(r) = -5*a(r) + p(r). Give f(-2).
6
Let x(j) = -2*j**2 - 6 - 7*j + 0*j**2 + j**2. Let g be -4 + 2*(-1 - 0). Determine x(g).
0
Let m(c) = c - 5. Let w(o) = -1. Let p(t) = m(t) - 4*w(t). Let v = -89 + 92. What is p(v)?
2
Let k(y) be the third derivative of y**4/8 + y**3/6 - 31*y**2. Calculate k(-4).
-11
Let n(p) = -6*p**3 + p**2 + 3*p - 8. Let v(s) be the first derivative of 5*s**4/4 - 3*s**2/2 + 7*s - 7. Let a(l) = 4*n(l) + 5*v(l). Calculate a(-5).
-7
Let n(o) = -o. Let l(q) = -3*q + 15. Let v(a) = -l(a) + 4*n(a). Give v(-8).
-7
Let a(b) = -b**2 - 1 - 1 + 6*b - 3. Let w be a(6). Let g(u) = -u**2 - 4*u + 3. Calculate g(w).
-2
Let b(h) = 7*h**3 - 8*h**2 + 8*h - 11. Let t(z) = -3*z**3 + 4*z**2 - 4*z + 5. Let q(a) = 2*b(a) + 5*t(a). Let n be (1 + 4/(-6))*(9 - 3). Calculate q(n).
3
Let w = 1/15 - -13/30. Let m(f) be the second derivative of 0 + 1/6*f**3 + f + w*f**2 - 1/5*f**5 - 1/12*f**4. Determine m(-1).
3
Suppose u + 5*d + 18 - 3 = 0, 9 = -4*u - 3*d. Suppose 4*o = a + 8, u = -a - 3*o - o + 8. Let v(y) = -3 + a - 1 + 2*y. Calculate v(3).
2
Let w(a) = -a**3 - 5*a**2 + 2*a + 6. Suppose 29 = -3*x - 7. Let o = x + 7. Calculate w(o).
-4
Let v(u) = u + 12. Let j be 3 + (-2)/(14/3 - 4). What is v(j)?
12
Let l(x) = x - 5. Let o(k) = -k - 1. Let n(j) = l(j) + 2*o(j). Give n(0).
-7
Let w(d) = d**2 + 10*d - 10. Let f be w(-11). Let s(x) = -x - x + f - 4 + 4. What is s(-2)?
5
Let n(g) = -g - 25. Suppose -2*w + 2*l - 2 = 0, 3 = -5*w + 3*l - 0. What is n(w)?
-25
Let j(w) = -5*w**2 + w - 4. Let g(k) = 11*k**2 - 2*k + 9. Let p(n) = -6*g(n) - 13*j(n). Let y(q) = -q**2 + 5*q + 50. Let d be y(10). What is p(d)?
-2
Let s(o) = -21*o**2 + 40*o**2 + 5 - 18*o**2 + 4*o. What is s(-5)?
10
Let z be (-2)/(-8) + 2/(-10). Let r(x) be the second derivative of -1/6*x**4 + 0*x**3 - 1/2*x**2 - x + 0 - z*x**5. What is r(-2)?
-1
Let z(h) = -h**2 + 14*h + 4. Let t be z(14). Let b(a) = 2*a + 1. What is b(t)?
9
Let y(s) be the third derivative of -s**7/2520 + 7*s**4/24 + s**2. Let z(o) be the second derivative of y(o). Calculate z(3).
-9
Let y(x) = -x**3 + 6*x**2 - x. Let f(t) = -t**2 - 2*t - 1. Let j be f(-1). Let h(w) = 23*w + 6 - 7*w - 6*w - 9*w. Let g be h(j). Determine y(g).
-6
Let n(y) = 4*y + 0*y - 3*y. Let p be n(-2). Let t(i) = i**2 - 4*i - 1. Let k(z) = -4*z**2 + 17*z + 3. Let c(g) = -2*k(g) - 9*t(g). Determine c(p).
-5
Let m(p) = -2*p + 7. Let i(n) = -n**2 - 16*n + 11. Let s be i(-17). Determine m(s).
19
Let b(a) = a**2 - 3*a + 1. Let s be b(3). Suppose 5 = 3*x - 1. Let k(j) = -3 + j**3 - j**x + 3 + j. Determine k(s).
1
Suppose -2*c + 3*z = 1, -5*c + 3*z - 6*z = -29. Let k(f) = 2*f + 1. Determine k(c).
9
Let a(o) = -o**2 + 6*o. Let c(l) = -l**2 + 5*l - 1. Let p(g) = -2*a(g) + 3*c(g). Give p(2).
-1
Let a(d) = d**2 - d - 2. Suppose 0 = -3*g - c + 17, 4*g + 3*c = 8 + 18. Suppose g*f + 6 = 16. Suppose -f*b = -b. Calculate a(b).
-2
Let s = 45 + -37. Suppose -12 = 3*x, -x = f - 5*x - 19. Suppose -f*q = -q + s. Let w(h) = -h**2 - 5*h - 6. Give w(q).
-2
Let y be ((-16)/(-10))/(4/10). Let l = y + -1. Let i(w) = 3*w**2 + w**l + 5 - 4*w - 4 + 2. What is i(-4)?
3
Let r(q) = -10*q**2 - 4. Let u(j) = 1. Let x(w) = -r(w) - 5*u(w). Calculate x(1).
9
Let h be (-4)/2 - (-21)/3. Let a be h/((-10)/8)*-1. Let n(m) = 2*m**3 - 5*m + a*m - 1 + 3*m - 3*m. What is n(-1)?
-2
Let d(z) be the second derivative of -z**4/12 + 2*z**3/3 + 3*z**2 - 2*z. What is d(6)?
-6
Let i(w) = w**3 - 3*w**2 - 4*w + 1. Let x be 0/(-2) + 1 + 0. Let z be (-3)/1 - (x - 8). Give i(z).
1
Suppose 0 = -5*w + 9*w - 32. Let n(z) = -w + 8*z**2 - 2 - 7*z**2 - 6*z. Give n(8).
6
Let q = -2 + 4. Let c(m) = -2*m**3 + 2*m**2 - 4*m - 8. Let x(z) = z**3 - z**2 + 3*z + 6. Let o(k) = -2*c(k) - 3*x(k). Determine o(q).
0
Let v(y) = 5*y + 92*y**2 + 3*y + 3 - 5*y - 94*y**2 - y**3. What is v(-2)?
-3
Let z(f) = -f**3 + 7*f**2 + 6*f - 7. Let d(h) = h + 1. Let n(x) = 2*d(x) + z(x). Calculate n(8).
-5
Let q(n) = -2*n + 1. Let o(u) = -2*u - 27. Let a be o(-12). Give q(a).
7
Let i(l) be the third derivative of -l**5/30 - l**3/6 + l**2. Let g be 3/(-1) + 8 + -14. Let o = g + 8. Calculate i(o).
-3
Let v(i) = 7*i**3 - 5*i**2 + 14*i - 10. Let o(r) = -10*r**3 + 8*r**2 - 21*r + 15. Let c(s) = -5*o(s) - 7*v(s). What is c(4)?
7
Let y(h) be the second derivative of -h**3 - h**2/2 + 8*h. Let d = 0 - -3. Let b be (-1)/(d*(-1)/(-3)). Determine y(b).
5
Let y(t) = 5*t - 12. Let w(b) = b - 1. Let s(x) = -4*w(x) + y(x). What is s(5)?
-3
Let o be (-16)/(-6) + (-7)/(-21). Let v(g) = -2*g + 4. Determine v(o).
-2
Let w(l) be the third derivative of -l**4/8 - 2*l**3/3 + 7*l**2. What is w(-3)?
5
Let u(i) be the second derivative of i**4/24 - i**2 - 3*i. Let j(k) be the first derivative of u(k). Let b(l) = l + 5. Let x be b(-7). Determine j(x).
-2
Let g = 38 - 12. Suppose 5*n + 1 = g. Suppose -v = z - 2, -4*v + n = 3*z - 1. Let i(p) = p + 11. Calculate i(v).
11
Let z(h) = h**2 + 7*h - 9. Let i(u) = 2*u**2 - 17*u + 1. Let r be i(8). What is z(r)?
-9
Let v(i) be the second derivative of 6*i + 2/3*i**3 + 0 + 1/12*i**4 + 0*i**2. What is v(-5)?
5
Let h(q) = 9*q**3 - 6*q**2 + 15*q - 21. Let j be (-22)/(-2 + 4) + 0. Let n(o) = -5*o**3 + 3*o**2 - 8*o + 11. Let z(c) = j*n(c) - 6*h(c). What is z(-4)?
-3
Let u(v) be the second derivative of v**4/12 + v**3 + 7*v**2/2 + 2*v. Let s(x) = -x**3 + 9*x**2 - 9*x + 3. Let y be s(8). Determine u(y).
2
Let b(u) = 4*u - 2. Let c be b(3). Let a(z) be the first derivative of c*z**2 + 4 - 11*z**2 - 2. Give a(4).
-8
Suppose -4*i = -0*i + 16. Let f(u) = 2*u - 4. Determine f(i).
-12
Let l(z) be the second derivative of 1/6*z**3 + 0*z**2 - 3/10*z**5 + 0 - 2*z - 1/12*z**4. Determine l(1).
-6
Let y(t) = 3*t - t**3 + 3 + 24*t**2 + 4*t + 0*t - 18*t**2. Give y(7).
3
Let d(v) = -v**2 + v. Let s(i) = 3*i**2 + 4*i - 2. Let o(j) = 2*d(j) + s(j). Let h = 15 + -21. Determine o(h).
-2
Let t(p) be the second derivative of p**3/6 + 4*p**2 + p. Suppose 0*h = -3*h - 18. What is t(h)?
2
Let h(a) = a + 3. Let v be h(3). Let m(b) = 4*b**2 + 5*b + 8. Let d(y) be the first derivative of y**3/3 + y - 2. Let z(f) = -5*d(f) + m(f). What is z(v)?
-3
Let p(c) = 2*c. Let h(x) = -x. Let q(s) = 9*h(s) + 4*p(s). Suppose -2 - 1 = -3*k. Suppose -4*n = k + 3. Calculate q(n).
1
Let p(l) be the first derivative of l**4/4 + l**3/3 - l**2/2 + 2. Determine p(-1).
1
Let s(w) be the first derivative of w**2/2 + 2*w + 1. Suppose -z - z = 6. What is s(z)?
-1
Let q(x) = -3*x - 3. Let m(g) = -g - 1. Let y(p) = 7*m(p) - 2*q(p). Let h(a) = -a - 6. Let s(j) = -h(j) + 2*y(j). What is s(0)?
4
Suppose -3*g = 89 - 17. Let o be (2/(-2))/((-8)/g). Let z(j) = 2*j**2 + 4*j - 1. Give z(o).
5
Suppose -24 = -8*c - 8. Let h(l) be the first derivative of l**4/6 - l**3/2 - l + 1. Let a(x) be the first derivative of h(x). Calculate a(c).
2
Let q(c) = -c**3 + c**2. Let p(r) = -4*r**3 - 2*r + 5. Let l(k) = -p(k) + 5*q(k). Give l(5).
5
Suppose n - 5*n + 8 = 0. Let v(z) = 4*z**n + z + 5*z - 3*z**2 + 5. Give v(-6).
5
Suppose -c = -2*c + 2. Let o(a) = 3*a**c + 2 - 2*a**2 + 5*a - 2. Calculate o(-4).
-4
Let y be (5 - 4)*(1 - -1). Let p(j) = 11 - 8*j**y + 7*j**2 + 2*j**2 - 4 + j. Calculate p(0).
7
Let c(q) be the third derivative of -q**9/60480 + q**7/5040 + q**6/360 + q**5/20 - 8*q**2. Let y(m) be the third derivative of c(m). Calculate y(2).
-4
Let s(m) be the third derivative of m**5/120 + m**4/12 + m**3/3 - 3*m**2. Let j(n) be the first derivative of s(n). Calculate j(-5).
-3
Let y(q) be the third derivative of -q**5/60 + q**4/24 + 12*q**2. Let d be -1*(-2 + 1 + 4). Determine y(d).
-12
Let w(b) = b**2 - 8